uppose -9 = -5*v + q, 0 = v + z*q - 0*q - 5. List the prime factors of v.
2
Suppose 0*s - 5*g = 3*s + 11, 0 = s + 2*g + 5. Suppose -4*x = -5*o + 34, -3*x - s*o - 16 = -2*o. List the prime factors of (-4)/(-12) - 22/x.
2
Let s(n) = 3 - 2 + 9*n + 5*n. Let p be s(1). What are the prime factors of (27/p)/(1/5)?
3
Suppose -6 = -x - 7. Let u be (x - -7)*1/(-2). What are the prime factors of ((-26)/u)/(4/6)?
13
Suppose -d = 2*d. Suppose d*t = -4*t + 24. Let i = 8 - t. What are the prime factors of i?
2
Let a = -88 + 148. List the prime factors of a.
2, 3, 5
Let l be 98/12 - 5/30. Let f = 22 - l. List the prime factors of f.
2, 7
Let n(p) = -82*p + 11. What are the prime factors of n(-2)?
5, 7
Let s = -231 + 335. What are the prime factors of s?
2, 13
Suppose -2*b + 24 = -0*b. Suppose -b - 8 = -4*n. Suppose n*c = 4 + 11. List the prime factors of c.
3
Let h(u) = 29*u + 5. Let w(y) = 420*y + 72. Let z(r) = 72*h(r) - 5*w(r). List the prime factors of z(-1).
2, 3
Let l(c) = 10 - 12 + 2*c - 4. What are the prime factors of l(8)?
2, 5
Suppose -5*z - 147 = -3*y - 31, -y + 42 = -5*z. Let u = y - 13. Suppose u = -l + 3*l. What are the prime factors of l?
2, 3
Suppose -5*v = -5, -11 = -n - 2*n - 5*v. Suppose 5*g - 4*l + 0 = 28, 0 = -3*g + n*l + 18. What are the prime factors of g?
2
Let q be (-102)/(-30) - (-4)/(-10). Suppose -q*m + 5 + 37 = 0. What are the prime factors of m?
2, 7
What are the prime factors of (0 + -3)*(-3 + 4)*-43?
3, 43
Suppose -5*g - 2*c = 2*c + 1, 4*g + 4*c = -4. Suppose -g*d = -5*p + 47, -3*d + 11 = 5*p - 12. Let o = p - 3. List the prime factors of o.
2
Let i be (2 + -1)/((-6)/(-30)). Let z be (-2)/(-4) + 3/6. Suppose -w + z = -i. List the prime factors of w.
2, 3
Suppose 0 = 5*v + p - 86 - 59, 3*p - 75 = -3*v. List the prime factors of v.
2, 3, 5
Let a(i) = i + 25. What are the prime factors of a(0)?
5
Suppose 9*f = 6*f + 123. What are the prime factors of f?
41
What are the prime factors of (-1 - -4)*(-227)/(-3)?
227
Let c(s) = -s**2 + s. Let b be c(7). Let a = b + 85. Let i = a + -30. What are the prime factors of i?
13
Let h(f) = -f + 3. Let y be h(4). Let d be (-4 - y) + -2 + 21. List the prime factors of 1/(1 - 14/d).
2
Suppose -5*t + 116 + 1279 = 0. Let p be t/21 - 4/14. Let c = p + -4. List the prime factors of c.
3
Suppose 2*j - 20 = j. Suppose -4*g - g = -j. List the prime factors of g.
2
Suppose -q + k + 30 = -8, -5*q = -4*k - 189. What are the prime factors of q?
37
Let r = 24 + -12. Let i be 26/(-8) + 3/r. List the prime factors of 37/3 - 2/i.
13
Let w(b) = 12*b**3 + b. Suppose z - 4 = -0*z. Let x be (-3)/(-6) - (-2)/z. List the prime factors of w(x).
13
Let q(n) = n**2 + 8*n + 2. Let g be q(-7). Let u(p) = -7*p + 1. Let o be u(g). Let t = -26 + o. What are the prime factors of t?
2, 5
Let l(u) = 14*u - 13. List the prime factors of l(7).
5, 17
Suppose -7*n + 89 = -6*n. List the prime factors of n.
89
Let x(t) = -t**2 - 10*t + 19. What are the prime factors of x(-7)?
2, 5
Let r(g) = -g + 1. Let j be r(-1). Suppose -6 = j*f + 4, -f = -4*i + 21. List the prime factors of i.
2
Suppose -5*p - 41 - 89 = q, -2*p - 79 = -5*q. Let s = 40 + p. What are the prime factors of s?
13
Let j = -11 - -10. List the prime factors of 12/(-3)*13/j.
2, 13
Let s(j) = 5*j**2 - 3*j - 3. Let n be s(3). Let g = n - 23. List the prime factors of g/1*8/8.
2, 5
Let w = -2 + 0. Let t be w/(-5) + 144/(-10). Let b = -10 - t. List the prime factors of b.
2
Let d = 67 - -75. What are the prime factors of d?
2, 71
Let r(a) = a - 1. Let w(t) = -1. Let j(o) = 4*r(o) + 4*w(o). What are the prime factors of j(4)?
2
Suppose 0 = 2*l + 3*l - 135. List the prime factors of l.
3
Let k = -99 - -178. List the prime factors of k.
79
Let q = 5 + -1. What are the prime factors of (-3)/q*(4 + -16)?
3
Let y be 10 - 6*(-4)/(-8). Let r = 18 + y. What are the prime factors of r?
5
Suppose -3*k = -0*k - 12. Let n be 225/(-36) + 1/k. Let m(c) = -c**2 - 10*c - 8. List the prime factors of m(n).
2
Suppose 7 = 5*h + 2. Let j = 10 - 10. List the prime factors of h/(j - (-1)/16).
2
Let y = -2 + 7. Suppose 60 = 5*n - 100. Suppose -m + y*m = n. List the prime factors of m.
2
Suppose 2*f = 5*f + 12. What are the prime factors of 4 + f - (-1 + -8)?
3
Let i be (-16)/(-7) + (-4)/14. Suppose -i*x = x + 24. Let k = x + 13. What are the prime factors of k?
5
Suppose 2*g - 14 = -0*g + 5*o, -5*g + 5*o = -35. Suppose 0 = -5*i - s + 145, 3*s - 32 - 123 = -5*i. Let x = i - g. List the prime factors of x.
3, 7
Let p = -15 + 34. Let c = -6 + p. What are the prime factors of c?
13
Suppose -479 = -4*s - 5*q, -5*q - 452 = -4*s - q. List the prime factors of s.
2, 29
Suppose 3*s + s = -120. Let r be (6/(-4))/(3/s). Let o = r + -6. What are the prime factors of o?
3
Let a(u) = -u**3 - 5*u**2 + 2*u + 7. Let c be a(-5). What are the prime factors of (-15)/9*(-18 - c)?
5
Let a(u) = -2*u + 2. Let t be a(5). Let n be 3/12 + 2/t. Suppose l = -5*k + 31, 0*l + 4*l + 2*k - 34 = n. List the prime factors of l.
2, 3
Let x(w) = w**3 + 4*w**2 - 7*w - 3. Let f be x(-5). Suppose 3*z = f*z - 64. What are the prime factors of z?
2
Suppose -3*j + 6*j + 15 = 0. What are the prime factors of 12*2 - (-3 - j)?
2, 11
Let u(l) = l**3 - 3*l**2 + 2*l - 4. Let z be u(3). Suppose z*b - 15 = 3*w - 47, -5*w - 29 = 3*b. Let a = -3 - b. List the prime factors of a.
2, 5
Suppose -2*a + 7 = -3. Suppose -a = -p + 2. List the prime factors of (p + -3)/(2/6).
2, 3
Let c(b) = -6*b**3 + b**2 + 4. List the prime factors of c(-2).
2, 7
Let n = -41 - 2. Suppose -h - 3*v = 2*v - 60, 2*h - 4*v = 120. Let q = h + n. List the prime factors of q.
17
Suppose 5*j = 5, -5*w + 23 = -3*w - 3*j. List the prime factors of w.
13
Let s be 0/1 - (17 - -1). Let r(x) = 6*x + 12. Let j be r(-7). Let t = s - j. List the prime factors of t.
2, 3
Suppose h = 5*u - 0 + 4, -4*h - 2*u + 16 = 0. Suppose 33 = -h*c - 7. What are the prime factors of ((-8)/c)/((-1)/(-10))?
2
Let m = 4 + -4. Let u = m - -2. Suppose 5*j + u*o = 114, -j = j - 4*o - 36. List the prime factors of j.
2, 11
Let z = -154 - -410. What are the prime factors of z?
2
Let c be 2256/20 + (-2)/(-10). Suppose -5*s = -c - 147. List the prime factors of s.
2, 13
Let x(b) = 2*b - 2. What are the prime factors of x(7)?
2, 3
Let r(g) = g**3 + 6*g**2 + 4*g + 2. Let y be -6 - (1 - 2/1). Let u be r(y). Suppose u*n = 2*n + 25. What are the prime factors of n?
5
Suppose -4*l = -5*d - 7 - 9, 2*d = -4*l + 16. Let b = 15 - l. List the prime factors of b.
11
Let k(g) = -g**3 - 2*g**2 + 3*g + 2. Let v be k(-3). Suppose 16 = f - v*f. Let s = -7 - f. What are the prime factors of s?
3
Let j(d) be the third derivative of d**4/24 + 13*d**3/6 - 3*d**2. Let t be j(-11). Suppose -4*x + q = -79, 0*x - t*q = x - 22. What are the prime factors of x?
2, 5
Suppose -191 = -5*s + 4*t - 53, -2*s = 5*t - 42. Let v = s + -18. List the prime factors of v.
2
Let q(j) = 11*j. Let x be q(-2). Let v = 11 + x. Let g = 22 + v. List the prime factors of g.
11
Let y be (-2)/((3 + -1)/(-10)). Suppose 0 = 5*o + y, -5*o = 2*n + n + 7. Suppose -3*m = -8 - n. What are the prime factors of m?
3
Let j(z) = -2*z**3 - 13*z**2 - 3*z - 14. List the prime factors of j(-9).
2, 11, 19
Suppose u - 19 - 4 = -2*p, u + p = 19. List the prime factors of u.
3, 5
Let c be 3 + -2 + (-1 - -2). Suppose c*b = -1 - 3. Let g = 12 + b. List the prime factors of g.
2, 5
Let h(z) = z**3 + 6*z**2 + 5. Let j(n) = 2*n + 6. Let k be j(-6). Let u be h(k). Suppose v + r - 12 = 0, 6*r = u*v + 3*r - 100. List the prime factors of v.
17
Let d = 0 + 1. Let f be (-5)/2 + (-3)/(-6). What are the prime factors of 7/d - (f + 2)?
7
Suppose 2*x - g + 2 = 15, g = x - 8. What are the prime factors of x?
5
Suppose 7 + 9 = 4*n, -n = 2*x - 224. List the prime factors of x.
2, 5, 11
Let a = -49 + 54. What are the prime factors of a?
5
Let r(f) = 5*f**3 - f**2 + 2*f - 2. What are the prime factors of r(2)?
2, 19
Suppose 10*v - 99 = v. What are the prime factors of v?
11
What are the prime factors of -11 + 8 + -1*-3*73?
2, 3
Let s be (-103)/(-2) - 2/4. Suppose h + 15 = g, 4*g - s = 3*h - g. Let q = -7 - h. What are the prime factors of q?
5
Suppose 2*f = -4*o + 50, -3*f + 2*o = o - 89. List the prime factors of f.
29
Let k(x) = x**3 + 5*x**2. Let z be k(-5). Suppose z = -0*y + y. Suppose v - 2 